{"id":667,"date":"2009-05-06T11:43:24","date_gmt":"2009-05-06T16:43:24","guid":{"rendered":"http:\/\/wpzoom.com\/zenko\/demo\/?page_id=3"},"modified":"2025-02-10T23:51:37","modified_gmt":"2025-02-10T22:51:37","slug":"contact","status":"publish","type":"page","link":"https:\/\/www.mep-construction.fr\/index.php\/contact\/","title":{"rendered":"Contact"},"content":{"rendered":"\t\t<div data-elementor-type=\"wp-post\" data-elementor-id=\"667\" class=\"elementor elementor-667\">\n\t\t\t\t\t\t<section class=\"elementor-section elementor-top-section elementor-element elementor-element-73d9ed11 elementor-section-boxed elementor-section-height-default elementor-section-height-default\" data-id=\"73d9ed11\" data-element_type=\"section\" data-e-type=\"section\">\n\t\t\t\t\t\t<div class=\"elementor-container elementor-column-gap-default\">\n\t\t\t\t\t<div class=\"elementor-column elementor-col-100 elementor-top-column elementor-element elementor-element-451cc9b2\" data-id=\"451cc9b2\" data-element_type=\"column\" data-e-type=\"column\">\n\t\t\t<div class=\"elementor-widget-wrap elementor-element-populated\">\n\t\t\t\t\t\t<div class=\"elementor-element elementor-element-50021c03 elementor-widget elementor-widget-text-editor\" data-id=\"50021c03\" data-element_type=\"widget\" data-e-type=\"widget\" data-widget_type=\"text-editor.default\">\n\t\t\t\t<div class=\"elementor-widget-container\">\n\t\t\t\t\t\t\t\t\t<h5><strong><i class=\"fa fa-clock-o\"><\/i> Disponibilit\u00e9 :<\/strong> Du lundi au vendredi &#8211; de 8:00 \u00e0 17:00<\/h5><h5><strong> Localisation :<\/strong> Althen des Paluds<\/h5><h5><strong><i class=\"fa fa-envelope-o\"><\/i> Mail :<\/strong> <a href=\"mailto:mep.construction@hotmail.com\">mep.construction[@]hotmail.com<\/a><\/h5><h5><strong><i class=\"fa fa-phone\"><\/i> T\u00e9l\u00e9phone :<\/strong> <a href=\"tel:+33643495476\">06 43 49 54 76<\/a><\/h5><p>\n<div class=\"wpcf7 no-js\" id=\"wpcf7-f5001-o1\" lang=\"en-US\" dir=\"ltr\" data-wpcf7-id=\"5001\">\n<div class=\"screen-reader-response\"><p role=\"status\" aria-live=\"polite\" aria-atomic=\"true\"><\/p> <ul><\/ul><\/div>\n<form action=\"\/index.php\/wp-json\/wp\/v2\/pages\/667#wpcf7-f5001-o1\" method=\"post\" class=\"wpcf7-form init\" aria-label=\"Contact form\" novalidate=\"novalidate\" data-status=\"init\">\n<fieldset class=\"hidden-fields-container\"><input type=\"hidden\" name=\"_wpcf7\" value=\"5001\" \/><input type=\"hidden\" name=\"_wpcf7_version\" value=\"6.1.5\" \/><input type=\"hidden\" name=\"_wpcf7_locale\" value=\"en_US\" \/><input type=\"hidden\" name=\"_wpcf7_unit_tag\" value=\"wpcf7-f5001-o1\" \/><input type=\"hidden\" name=\"_wpcf7_container_post\" value=\"0\" \/><input type=\"hidden\" name=\"_wpcf7_posted_data_hash\" value=\"\" \/><input type=\"hidden\" name=\"_wpcf7_recaptcha_response\" value=\"\" \/>\n<\/fieldset>\n<p><label> Nom*<br \/>\n<span class=\"wpcf7-form-control-wrap\" data-name=\"your-name\"><input size=\"40\" maxlength=\"400\" class=\"wpcf7-form-control wpcf7-text wpcf7-validates-as-required\" aria-required=\"true\" aria-invalid=\"false\" value=\"\" type=\"text\" name=\"your-name\" \/><\/span> <\/label>\n<\/p>\n<p><label> Pr\u00e9nom<br \/>\n<span class=\"wpcf7-form-control-wrap\" data-name=\"your-nickname\"><input size=\"40\" maxlength=\"400\" class=\"wpcf7-form-control wpcf7-text\" aria-invalid=\"false\" value=\"\" type=\"text\" name=\"your-nickname\" \/><\/span> <\/label>\n<\/p>\n<p><label> Mail*<br \/>\n<span class=\"wpcf7-form-control-wrap\" data-name=\"your-email\"><input size=\"40\" maxlength=\"400\" class=\"wpcf7-form-control wpcf7-email wpcf7-validates-as-required wpcf7-text wpcf7-validates-as-email\" aria-required=\"true\" aria-invalid=\"false\" value=\"\" type=\"email\" name=\"your-email\" \/><\/span> <\/label>\n<\/p>\n<p><label> Objet*<br \/>\n<span class=\"wpcf7-form-control-wrap\" data-name=\"your-subject\"><input size=\"40\" maxlength=\"400\" class=\"wpcf7-form-control wpcf7-text\" aria-invalid=\"false\" value=\"\" type=\"text\" name=\"your-subject\" \/><\/span> <\/label>\n<\/p>\n<p><label> Message*<br \/>\n<span class=\"wpcf7-form-control-wrap\" data-name=\"your-message\"><textarea cols=\"40\" rows=\"10\" maxlength=\"2000\" class=\"wpcf7-form-control wpcf7-textarea\" aria-invalid=\"false\" name=\"your-message\"><\/textarea><\/span> <\/label>\n<\/p>\n<span class=\"wpcf7-form-control-wrap recaptcha\" data-name=\"recaptcha\"><span data-sitekey=\"6LecJ4kUAAAAAM39BrsMVkpoB8k2JzuG3daxYuvJ\" class=\"wpcf7-form-control wpcf7-recaptcha g-recaptcha\"><\/span>\r\n<noscript>\r\n\t<div class=\"grecaptcha-noscript\">\r\n\t\t<iframe src=\"https:\/\/www.google.com\/recaptcha\/api\/fallback?k=6LecJ4kUAAAAAM39BrsMVkpoB8k2JzuG3daxYuvJ\" frameborder=\"0\" scrolling=\"no\" width=\"310\" height=\"430\">\r\n\t\t<\/iframe>\r\n\t\t<textarea name=\"g-recaptcha-response\" rows=\"3\" cols=\"40\" placeholder=\"reCaptcha Response Here\">\r\n\t\t<\/textarea>\r\n\t<\/div>\r\n<\/noscript>\r\n<\/span>\n<p>En validant le formulaire, vous acceptez que vos donn\u00e9es soient utilis\u00e9es pour r\u00e9pondre \u00e0 votre demande. Conform\u00e9ment \u00e0 la loi Informatique et libert\u00e9s, vous b\u00e9n\u00e9ficiez d\u2019un droit d\u2019acc\u00e8s, de rectification et de suppression de vos donn\u00e9es. Vous pouvez \u00e9galement vous opposer, \u00e0 l\u2019utilisation de vos donn\u00e9es.\n<\/p>\n<p><input class=\"wpcf7-form-control wpcf7-submit has-spinner\" type=\"submit\" value=\"Envoyer\" \/>\n<\/p><p style=\"display: none !important;\" class=\"akismet-fields-container\" data-prefix=\"_wpcf7_ak_\"><label>&#916;<textarea name=\"_wpcf7_ak_hp_textarea\" cols=\"45\" rows=\"8\" maxlength=\"100\"><\/textarea><\/label><input type=\"hidden\" id=\"ak_js_1\" name=\"_wpcf7_ak_js\" value=\"4\"\/><script type=\"text\/javascript\">\n\/* <![CDATA[ *\/\ndocument.getElementById( \"ak_js_1\" ).setAttribute( \"value\", ( new Date() ).getTime() );\n\/* ]]> *\/\n<\/script>\n<\/p><div class=\"wpcf7-response-output\" aria-hidden=\"true\"><\/div>\n<\/form>\n<\/div>\n<\/p>\t\t\t\t\t\t\t\t<\/div>\n\t\t\t\t<\/div>\n\t\t\t\t\t<\/div>\n\t\t<\/div>\n\t\t\t\t\t<\/div>\n\t\t<\/section>\n\t\t\t\t<section class=\"elementor-section elementor-top-section elementor-element elementor-element-bb97218 elementor-section-boxed elementor-section-height-default elementor-section-height-default\" data-id=\"bb97218\" data-element_type=\"section\" data-e-type=\"section\">\n\t\t\t\t\t\t<div class=\"elementor-container elementor-column-gap-default\">\n\t\t\t\t\t<div class=\"elementor-column elementor-col-100 elementor-top-column elementor-element elementor-element-5c21ab4\" data-id=\"5c21ab4\" data-element_type=\"column\" data-e-type=\"column\">\n\t\t\t<div class=\"elementor-widget-wrap\">\n\t\t\t\t\t\t\t<\/div>\n\t\t<\/div>\n\t\t\t\t\t<\/div>\n\t\t<\/section>\n\t\t\t\t<\/div>\n\t\t","protected":false},"excerpt":{"rendered":"<p>Disponibilit\u00e9 : Du lundi au vendredi &#8211; de 8:00 \u00e0 17:00 Localisation : Althen des Paluds Mail : mep.construction[@]hotmail.com T\u00e9l\u00e9phone : 06 43 49 54 76<\/p>\n","protected":false},"author":1,"featured_media":0,"parent":0,"menu_order":0,"comment_status":"closed","ping_status":"closed","template":"elementor_header_footer","meta":{"footnotes":""},"class_list":["post-667","page","type-page","status-publish","hentry"],"yoast_head":"<!-- This site is optimized with the Yoast SEO plugin v26.8 - https:\/\/yoast.com\/product\/yoast-seo-wordpress\/ -->\n<title>M.E.P. Construction - Demande de devis<\/title>\n<meta name=\"description\" content=\"Un projet ? Des plans ? Un devis ? N&#039;h\u00e9sitez pas \u00e0 nous contacter et notre \u00e9quipe vous r\u00e9pondra dans les plus brefs d\u00e9lais.\" \/>\n<meta name=\"robots\" content=\"index, follow, max-snippet:-1, max-image-preview:large, max-video-preview:-1\" \/>\n<link rel=\"canonical\" href=\"https:\/\/www.mep-construction.fr\/index.php\/contact\/\" \/>\n<meta property=\"og:locale\" content=\"fr_FR\" \/>\n<meta property=\"og:type\" content=\"article\" \/>\n<meta property=\"og:title\" content=\"M.E.P. Construction - Demande de devis\" \/>\n<meta property=\"og:description\" content=\"Un projet ? Des plans ? Un devis ? N&#039;h\u00e9sitez pas \u00e0 nous contacter et notre \u00e9quipe vous r\u00e9pondra dans les plus brefs d\u00e9lais.\" \/>\n<meta property=\"og:url\" content=\"https:\/\/www.mep-construction.fr\/index.php\/contact\/\" \/>\n<meta property=\"og:site_name\" content=\"M.E.P. CONSTRUCTION\" \/>\n<meta property=\"article:publisher\" content=\"https:\/\/www.facebook.com\/mep.const\/\" \/>\n<meta property=\"article:modified_time\" content=\"2025-02-10T22:51:37+00:00\" \/>\n<meta property=\"og:image\" content=\"https:\/\/www.mep-construction.fr\/wp-content\/uploads\/2018\/11\/logo-mep-construction-05-e1542496597805.png\" \/>\n\t<meta property=\"og:image:width\" content=\"150\" \/>\n\t<meta property=\"og:image:height\" content=\"113\" \/>\n\t<meta property=\"og:image:type\" content=\"image\/png\" \/>\n<meta name=\"twitter:card\" content=\"summary_large_image\" \/>\n<script type=\"application\/ld+json\" class=\"yoast-schema-graph\">{\"@context\":\"https:\/\/schema.org\",\"@graph\":[{\"@type\":\"WebPage\",\"@id\":\"https:\/\/www.mep-construction.fr\/index.php\/contact\/\",\"url\":\"https:\/\/www.mep-construction.fr\/index.php\/contact\/\",\"name\":\"M.E.P. Construction - Demande de devis\",\"isPartOf\":{\"@id\":\"https:\/\/www.mep-construction.fr\/#website\"},\"datePublished\":\"2009-05-06T16:43:24+00:00\",\"dateModified\":\"2025-02-10T22:51:37+00:00\",\"description\":\"Un projet ? Des plans ? Un devis ? N'h\u00e9sitez pas \u00e0 nous contacter et notre \u00e9quipe vous r\u00e9pondra dans les plus brefs d\u00e9lais.\",\"breadcrumb\":{\"@id\":\"https:\/\/www.mep-construction.fr\/index.php\/contact\/#breadcrumb\"},\"inLanguage\":\"fr-FR\",\"potentialAction\":[{\"@type\":\"ReadAction\",\"target\":[\"https:\/\/www.mep-construction.fr\/index.php\/contact\/\"]}]},{\"@type\":\"BreadcrumbList\",\"@id\":\"https:\/\/www.mep-construction.fr\/index.php\/contact\/#breadcrumb\",\"itemListElement\":[{\"@type\":\"ListItem\",\"position\":1,\"name\":\"Accueil\",\"item\":\"https:\/\/www.mep-construction.fr\/\"},{\"@type\":\"ListItem\",\"position\":2,\"name\":\"Contact\"}]},{\"@type\":\"WebSite\",\"@id\":\"https:\/\/www.mep-construction.fr\/#website\",\"url\":\"https:\/\/www.mep-construction.fr\/\",\"name\":\"M.E.P. CONSTRUCTION\",\"description\":\"Ma\u00e7onnerie g\u00e9n\u00e9rale, Toiture\",\"publisher\":{\"@id\":\"https:\/\/www.mep-construction.fr\/#organization\"},\"potentialAction\":[{\"@type\":\"SearchAction\",\"target\":{\"@type\":\"EntryPoint\",\"urlTemplate\":\"https:\/\/www.mep-construction.fr\/?s={search_term_string}\"},\"query-input\":{\"@type\":\"PropertyValueSpecification\",\"valueRequired\":true,\"valueName\":\"search_term_string\"}}],\"inLanguage\":\"fr-FR\"},{\"@type\":\"Organization\",\"@id\":\"https:\/\/www.mep-construction.fr\/#organization\",\"name\":\"M.E.P. CONSTRUCTION\",\"url\":\"https:\/\/www.mep-construction.fr\/\",\"logo\":{\"@type\":\"ImageObject\",\"inLanguage\":\"fr-FR\",\"@id\":\"https:\/\/www.mep-construction.fr\/#\/schema\/logo\/image\/\",\"url\":\"https:\/\/www.mep-construction.fr\/wp-content\/uploads\/2018\/12\/cropped-logo-mep-construction-06-e1543767879510.png\",\"contentUrl\":\"https:\/\/www.mep-construction.fr\/wp-content\/uploads\/2018\/12\/cropped-logo-mep-construction-06-e1543767879510.png\",\"width\":150,\"height\":86,\"caption\":\"M.E.P. CONSTRUCTION\"},\"image\":{\"@id\":\"https:\/\/www.mep-construction.fr\/#\/schema\/logo\/image\/\"},\"sameAs\":[\"https:\/\/www.facebook.com\/mep.const\/\"]}]}<\/script>\n<!-- \/ Yoast SEO plugin. -->","yoast_head_json":{"title":"M.E.P. Construction - Demande de devis","description":"Un projet ? Des plans ? Un devis ? N'h\u00e9sitez pas \u00e0 nous contacter et notre \u00e9quipe vous r\u00e9pondra dans les plus brefs d\u00e9lais.","robots":{"index":"index","follow":"follow","max-snippet":"max-snippet:-1","max-image-preview":"max-image-preview:large","max-video-preview":"max-video-preview:-1"},"canonical":"https:\/\/www.mep-construction.fr\/index.php\/contact\/","og_locale":"fr_FR","og_type":"article","og_title":"M.E.P. Construction - Demande de devis","og_description":"Un projet ? Des plans ? Un devis ? N'h\u00e9sitez pas \u00e0 nous contacter et notre \u00e9quipe vous r\u00e9pondra dans les plus brefs d\u00e9lais.","og_url":"https:\/\/www.mep-construction.fr\/index.php\/contact\/","og_site_name":"M.E.P. CONSTRUCTION","article_publisher":"https:\/\/www.facebook.com\/mep.const\/","article_modified_time":"2025-02-10T22:51:37+00:00","og_image":[{"width":150,"height":113,"url":"https:\/\/www.mep-construction.fr\/wp-content\/uploads\/2018\/11\/logo-mep-construction-05-e1542496597805.png","type":"image\/png"}],"twitter_card":"summary_large_image","schema":{"@context":"https:\/\/schema.org","@graph":[{"@type":"WebPage","@id":"https:\/\/www.mep-construction.fr\/index.php\/contact\/","url":"https:\/\/www.mep-construction.fr\/index.php\/contact\/","name":"M.E.P. Construction - Demande de devis","isPartOf":{"@id":"https:\/\/www.mep-construction.fr\/#website"},"datePublished":"2009-05-06T16:43:24+00:00","dateModified":"2025-02-10T22:51:37+00:00","description":"Un projet ? Des plans ? Un devis ? N'h\u00e9sitez pas \u00e0 nous contacter et notre \u00e9quipe vous r\u00e9pondra dans les plus brefs d\u00e9lais.","breadcrumb":{"@id":"https:\/\/www.mep-construction.fr\/index.php\/contact\/#breadcrumb"},"inLanguage":"fr-FR","potentialAction":[{"@type":"ReadAction","target":["https:\/\/www.mep-construction.fr\/index.php\/contact\/"]}]},{"@type":"BreadcrumbList","@id":"https:\/\/www.mep-construction.fr\/index.php\/contact\/#breadcrumb","itemListElement":[{"@type":"ListItem","position":1,"name":"Accueil","item":"https:\/\/www.mep-construction.fr\/"},{"@type":"ListItem","position":2,"name":"Contact"}]},{"@type":"WebSite","@id":"https:\/\/www.mep-construction.fr\/#website","url":"https:\/\/www.mep-construction.fr\/","name":"M.E.P. CONSTRUCTION","description":"Ma\u00e7onnerie g\u00e9n\u00e9rale, Toiture","publisher":{"@id":"https:\/\/www.mep-construction.fr\/#organization"},"potentialAction":[{"@type":"SearchAction","target":{"@type":"EntryPoint","urlTemplate":"https:\/\/www.mep-construction.fr\/?s={search_term_string}"},"query-input":{"@type":"PropertyValueSpecification","valueRequired":true,"valueName":"search_term_string"}}],"inLanguage":"fr-FR"},{"@type":"Organization","@id":"https:\/\/www.mep-construction.fr\/#organization","name":"M.E.P. CONSTRUCTION","url":"https:\/\/www.mep-construction.fr\/","logo":{"@type":"ImageObject","inLanguage":"fr-FR","@id":"https:\/\/www.mep-construction.fr\/#\/schema\/logo\/image\/","url":"https:\/\/www.mep-construction.fr\/wp-content\/uploads\/2018\/12\/cropped-logo-mep-construction-06-e1543767879510.png","contentUrl":"https:\/\/www.mep-construction.fr\/wp-content\/uploads\/2018\/12\/cropped-logo-mep-construction-06-e1543767879510.png","width":150,"height":86,"caption":"M.E.P. CONSTRUCTION"},"image":{"@id":"https:\/\/www.mep-construction.fr\/#\/schema\/logo\/image\/"},"sameAs":["https:\/\/www.facebook.com\/mep.const\/"]}]}},"_links":{"self":[{"href":"https:\/\/www.mep-construction.fr\/index.php\/wp-json\/wp\/v2\/pages\/667","targetHints":{"allow":["GET"]}}],"collection":[{"href":"https:\/\/www.mep-construction.fr\/index.php\/wp-json\/wp\/v2\/pages"}],"about":[{"href":"https:\/\/www.mep-construction.fr\/index.php\/wp-json\/wp\/v2\/types\/page"}],"author":[{"embeddable":true,"href":"https:\/\/www.mep-construction.fr\/index.php\/wp-json\/wp\/v2\/users\/1"}],"replies":[{"embeddable":true,"href":"https:\/\/www.mep-construction.fr\/index.php\/wp-json\/wp\/v2\/comments?post=667"}],"version-history":[{"count":9,"href":"https:\/\/www.mep-construction.fr\/index.php\/wp-json\/wp\/v2\/pages\/667\/revisions"}],"predecessor-version":[{"id":5437,"href":"https:\/\/www.mep-construction.fr\/index.php\/wp-json\/wp\/v2\/pages\/667\/revisions\/5437"}],"wp:attachment":[{"href":"https:\/\/www.mep-construction.fr\/index.php\/wp-json\/wp\/v2\/media?parent=667"}],"curies":[{"name":"wp","href":"https:\/\/api.w.org\/{rel}","templated":true}]}}